
What is (-24 + -16 - -27 - (-11 + 0)) + -17?
-19
(-8 - (36 - 15) - (180 + -198)) + (127 - -1)
117
What is the value of -34 + (21 + 2 - (-137 - -151))?
-25
What is the value of 40 + (3 - 3 - -1) - (-58 + 81 + -23)?
41
-92 - (-12 + -84 + -35)
39
Evaluate 8 - (81 - 40) - -58.
25
Calculate 6 - (-21 - (1 + 7)).
35
Calculate -88 - 49 - (-11 - 2 - (-22 + 28)).
-118
What is the value of -34 + 63 + 4 + 25?
58
0 - -11 - (-26 - (-24 + 25))
38
What is 16 - (-28 + -12 + 142 - 24)?
-62
What is the value of -3 - (-14 + 7 + 0) - (-119 + 2 + 1)?
120
What is 7 - (6 - -24 - (19 - 6)) - -30?
20
-14 - (16 - 12 - 25 - -21)
-14
Evaluate -2 - (27 - (1 + 3 + -2)) - -5.
-22
Calculate -77 + -18 + (23 + 7 + 8 + -22 - 13).
-92
What is 5 - 8 - -21 - (-50 - -4 - 19)?
83
Evaluate -1 - (-2 - -2) - (11585 + -11497).
-89
Evaluate -7971 - -7867 - (2 + 0 + 17).
-123
What is the value of -109 + 133 - (-2 - -11)?
15
5 + -17 + 3 + (-627 - -606)
-30
What is the value of -72 + (-31 + 11 - -24) + -23 + 2?
-89
What is the value of 16 - (56 + 38 + -164)?
86
Evaluate -28 + -1 + -2 - (-480 - -466) - 33.
-50
Calculate -46 + 79 + 4 - 22.
15
What is (-78 - (170 - 239)) + (1 - (-85 + 0))?
77
What is -4 - ((49 - 31) + (-1 - 1)) - 3?
-23
Calculate (9 - 122) + -6 - (-23 + -24 + 35).
-107
Calculate -485 + 500 + (-3 - (7 + -62)).
67
What is 143 + 4 + (-265 - -198)?
80
Evaluate -1579 - -1549 - (-1 + -19).
-10
92 + -105 + -4 + -52 + 10
-59
What is 28 + -78 - (-96 - (-23 + 71))?
94
(0 + 63 - 45) + -76
-58
64 - (-2 + (-14 + -3 - -34))
49
What is the value of (-77 - -8 - -90) + -72?
-51
Calculate (-1 + -33 - -86) + -5 + -4.
43
What is the value of (4 - 3) + (4 + 9 - (-2 + 7 + -19))?
28
Evaluate (79 - (-1 - 2)) + (10371 - 10398).
55
What is -17416 - -17487 - (1 - 36)?
106
(33 + -13 - 6 - 6) + 17 - 5
20
Evaluate -27 + 88 - 55 - (1 + -9) - -82.
96
What is -19 - (4 + -137) - (-42 + 72)?
84
Evaluate 51 + (-1 - -16) + 7 + -14 - (3 + -2).
58
-22 - (4 - (-37 + 17 + -1) - -46)
-93
Evaluate -24 + -23 + 81 - 9.
25
What is -1587 + 1595 + (-1 - -6)?
13
Evaluate 0 + -13 + (-230 - -289) + -9.
37
-6 + (-15 - -20 - -39) + -35
3
-57 - ((-40 - 43) + 92)
-66
Evaluate 2 - (-2 - -4) - -11 - (-6088 + 6132).
-33
What is the value of 97 + (-2 - -15) + -31 + 4 + 3 + 5?
91
Calculate -5 - -1 - (-1133 - -1146).
-17
Calculate (-15 - -43) + -63 - -51.
16
What is the value of 227 - 251 - (-8 + 12)?
-28
What is the value of -15 + 1 + 11 + 15 - (-51 - (-6 - -7))?
64
Calculate -4 + (20 - -20 - 4) + -17 + 107.
122
Evaluate (37 - 60) + (33 - 7) - 30.
-27
745 + -752 - (-31 + 4)
20
(110 - 45) + (-30 - -41)
76
-43 - (-59 - -18 - 28)
26
What is the value of ((-15 - -12) + 13 - 9) + 4 - 28?
-23
49 + -29 + -18 + 8 + -8 + 55
57
What is -12 + 16 + 11 + (-42 - -31) - (56 + 1)?
-53
(23 + 21 - 63) + 49
30
Evaluate (-1 - (9 + 3)) + -8 - ((-73 - -33) + 38).
-19
What is -92 + (35 - (-28 + -37)) - (2 - 1 - 65)?
72
What is the value of (1 - -1) + 3 + ((14 - -119) + 30 - 44)?
124
(-2 - -1 - -11) + (1887 - 1803) + -3 + -4
87
Evaluate (-1 - 1) + 3 + 12 + -13 + 37 + -31.
6
What is 0 + 5 - (3 + -2) - ((-71 - -51) + 13)?
11
Evaluate -8 + -19 + (25 - (-17 + 148 + 22)).
-155
Calculate (-5 - (-4 - -18)) + (-9 - -33) - 10.
-5
7 + -23 + 25 + (-15 - 3) + 2 - -59
52
What is the value of -16 - 15 - 49 - (-10 + -5)?
-65
Calculate -8 + (-122 - -103) + 41.
14
What is 13 + 2 + -27 - (-7 - -53)?
-58
-75 - (-124 - 9) - (1 + 0)
57
-14 - -1 - (57 + -101 - (-34 - 6))
-9
21 - (21 + -14) - (-3 + (-4 - -73))
-52
Calculate 119 - 141 - (14 - 1) - (-10 - -2) - 5.
-32
Evaluate -77 + 17 + (35 - (68 - 14)).
-79
Calculate 8 + (40 - 19) + (6 - -11) + 8 + -18.
36
28 + -14 + -21 + -7 + 1 - (0 + 16)
-29
-2 + -3 - (-39 - -53 - (6 - -1))
-12
What is the value of (-111 + 47 - -61) + -3 + 47?
41
What is (-5 - (26 - 34) - (-6 - 0)) + 11?
20
What is the value of 2 + -31 + -4196 + 4221?
-4
What is (26 - 4) + (-170 - -126) + -13?
-35
Evaluate (-9 + (-51 - -35) - -42) + 82.
99
What is the value of -848 + 897 + 1 + -107?
-57
-6 - (-1 - 103 - (-68 + 57) - (-3 - 0))
84
Evaluate (-47 - (25 + -11)) + 60.
-1
(-2 - 2 - (0 + 0)) + (-61 - -65) + 67
67
Calculate 11 + (236 - 123) + -105.
19
What is the value of 10 - (-19 - (-1 - -54)) - 2 - -3?
83
What is 12 - (25 - (-1 - -14))?
0
10 + (43 + 23 + -12 - (16 + 1))
47
What is the value of 37 - (17 + -20 + 2 + 12 + 4)?
22
What is -2 + -40 + (0 - -5) + 14 + 0 + 2?
-21
What is -18 + 22 + (-1 - (0 - 1)) + (160 - 122)?
42
What is -11 + 0 - (-9 - (13 + -11))?
0
Evaluate (1 - -1) + (17 - -45) + -31.
33
Calculate 9 + -3 + 2 + (81 - (94 + -18)).
13
Calculate (16 - (5 - (-18 - -24))) + -8.
9
Evaluate 83 + -7 - (50 + 75 + -139).
90
Evaluate 39 + -2 - (31 + (-173 - -127)).
52
What is -2 - -22 - (-167 + 142)?
45
-99 - (-34 - 3) - (-12 + 5 + -4)
-51
Evaluate (-39 - 22 - (5 + -15 + 1)) + 4 + 8.
-40
3 + (-5 + -18 - -6) + -21
-35
Evaluate -1681 - -1646 - (-18 - (-2 - 0)).
-19
Calculate -27 + -17 + (10 - -35) + -107.
-106
-55 - (-71 - 29 - -2)
43
1 + 17 + -214 + 184 - (35 - (2 + -2))
-47
Calculate 0 + 62 + (37 - 19) + (8 - 18).
70
79 + 3 + -8 - -4 - (517 - 517)
78
What is the value of (572 - 329) + -354 + (1 - (3 - -2))?
-115
(2 + -2 - 61) + 40
-21
0 - -212 - (940 - 831)
103
What is 54 - (-42 + 20 + 77)?
-1
What is the value of -33 + 36 - (3 - (-1 + 10)) - 81?
-72
Evaluate -4365 - -4355 - (0 + (2 - (40 + -1))).
27
What is 16 + (-106 + 38 + 34 - -120)?
102
What is the value of 23 + (-80 - -33 - -21) + 36?
33
Evaluate -21 + (11 - -70) + 0 + (6 + 6 - 6).
66
What is -40 + 0 + 41 + -19 - 26?
-44
Evaluate -5 + (399 - 400) + 1 + 31.
26
Evaluate -6 + (-10 + (-1 - -18) - 15 - -18).
4
Calculate (-592 - -592) + 2 + 143 + -2 + -8.
135
Evaluate 12 + (10 + 7 + -9 + 68 - 2).
86
Calculate 12 - 2 - 2 - (34 - 42) - (5 - 13).
24
Evaluate (4 + -4 - ((-175 - -72) + -22)) + (-11 - 1).
113
Calculate 7 - (46 + 1) - -38.
-2
What is the value of (-14 - (-37 + 1)) + 20 + -37?
5
Calculate -28 - 57 - -10 - (0 + 1 + 4 + -10).
-70
What is -2 - (-45 - -5) - (17 - -1 - 23)?
43
Calculate 2 - (14 - (-9 - -19)) - (14 + -6 + 0).
-10
What is -62 + 1 + 151 + -102?
-12
Evaluate -24 + (2 - (3 - 15)) + (-11 - 2).
-23
Evaluate -80 + (-32 + 24 - 19) + -1.
-108
What is the value of 1 + 1 + -1 - (136 + 44 - 207)?
28
Evaluate 1 + (-26 - -25 - (15 - (-3 - -1))).
-17
(-19 + 14 + -20 - 2) + 6
-21
Calculate 10 + 6 + -23 + -11 + 4 - -64.
50
What is the value of -5 - (7 + 14 + -5 + 8) - 0?
-29
52 - ((-20 - -51) + 47)
-26
Evaluate (-32 - 11 - -44) + -41.
-40
Evaluate (103 - (8 + -8)) + -2 + -30 + (-76 - -100).
95
-28 - (2 - ((-10 + 29 - 36) + 23))
-24
What is the value of (42 - (1 - -13 - 12)) + -6?
34
Calculate 30 + 29 + -8 + (-33 - 0).
18
What is (-2 - -36) + (-501 - -464)?
-3
What is the value of -11 - (109 + -105 + (4 - 2))?
-17
Evaluate 135 - (-41 + 121 - -4).
51
Calculate 26 + (-29 - 56) - -112.
53
Evaluate 6 + (2 + -9 - (-37 - -12)).
24
Evaluate (-48 + 9 - -96) + -64.
-7
Calculate -9 + (-185 - -169) + (-26 - -1).
-50
(-15 + 68 - 69) + (1 - 76) - -19
-72
What is the value of 30 + -11 + -23 + -5 + (-4 - (5 - 30))?
12
30 - (96 + -90 + -20 + 1) - 4
39
Calculate -18 - (-129 + 27) - 235.
-151
Calculate (-8 - (-3 - -7)) + (266 - 328).
-74
What is the value of 1 + -34 - (-4607 - -4576)?
-2
Calculate -268 + 324 + (11 - 21).
46
What is the value of (47 - (7 - (-5 + 1))) + (-3 - (2 + -2))?
33
What is (2 - (-13 - (-19 - 1))) + 49 + 6 + -3?
47
Calculate -40 + -52 + 199 + -53.
54
What is the value of (99 + -95 - (2 + (2 - 0))) + 68 - 5?
63
What is the value of (8 - (-31 + -91) - -39) + -32?
137
Evaluate -50 + 137 - (6 - -34).
47
Evaluate 42 + 1 + 1 + -11 + (-23 - (26 - 63)).
47
What is 0 + -1 + 13 + (-43 - (74 + -131))?
26
-37 - (-30 + -6 + 53 - 29)
-25
Calculate 296 - 147 - 146 - ((14 - -1) + -2).
-10
Calculate 1 + 12 + (-90 - -94) - 7 - -34.
44
Evaluate -22 + 0 + -1 + (-23 - (-101 - -69)).
-14
What is the value of (-23 - (-41 - (3 - -58))) + (1 - 2) + 8?
86
Evaluate 1026 - 960 - (0 - -46).
20
What is the value of 0 + -2 + 3 + (19 - 7) + 34?
47
Evaluate -51 + 0 - (-1249 + 1205).
-7
What is the value of 19 - (-25 - (0 - (21 + -6)))?
29
What is the value of 97 + -114 + -42 + 65?
6
Evaluate -95 - (-19 + (-9 - (-32 - (-23 + 34)))).
-110
What is the value of -17 - (-53 - (9 + -30 - 1)) - (-64 - 2)?
80
What is 16 + (10 - (39 - -14) - -44)?
